{"id":554,"date":"2023-04-17T17:59:19","date_gmt":"2023-04-17T17:59:19","guid":{"rendered":"https:\/\/elsa-k.de\/?page_id=554"},"modified":"2026-03-26T20:25:14","modified_gmt":"2026-03-26T20:25:14","slug":"kontakt","status":"publish","type":"page","link":"https:\/\/elsa-k.de\/?page_id=554","title":{"rendered":"Kontakt"},"content":{"rendered":"\t\t<div data-elementor-type=\"wp-page\" data-elementor-id=\"554\" class=\"elementor elementor-554\" data-elementor-post-type=\"page\">\n\t\t\t\t<div class=\"elementor-element elementor-element-422972c e-con-full e-flex e-con e-parent\" data-id=\"422972c\" data-element_type=\"container\" data-e-type=\"container\">\n\t\t\t\t<div class=\"elementor-element elementor-element-6a85813 elementor-widget elementor-widget-spacer\" data-id=\"6a85813\" data-element_type=\"widget\" data-e-type=\"widget\" data-widget_type=\"spacer.default\">\n\t\t\t\t\t\t\t<div class=\"elementor-spacer\">\n\t\t\t<div class=\"elementor-spacer-inner\"><\/div>\n\t\t<\/div>\n\t\t\t\t\t\t<\/div>\n\t\t\t\t<div class=\"elementor-element elementor-element-4ea2e08 elementor-widget elementor-widget-image\" data-id=\"4ea2e08\" data-element_type=\"widget\" data-e-type=\"widget\" data-widget_type=\"image.default\">\n\t\t\t\t\t\t\t\t\t\t\t\t\t\t\t\t<a href=\"https:\/\/elsa-k.de\">\n\t\t\t\t\t\t\t<img fetchpriority=\"high\" decoding=\"async\" width=\"300\" height=\"193\" src=\"https:\/\/elsa-k.de\/wp-content\/uploads\/2026\/03\/weiss-vorn-300x193.png\" class=\"elementor-animation-shrink attachment-medium size-medium wp-image-1507\" alt=\"\" srcset=\"https:\/\/elsa-k.de\/wp-content\/uploads\/2026\/03\/weiss-vorn-300x193.png 300w, https:\/\/elsa-k.de\/wp-content\/uploads\/2026\/03\/weiss-vorn-1024x660.png 1024w, https:\/\/elsa-k.de\/wp-content\/uploads\/2026\/03\/weiss-vorn-768x495.png 768w, https:\/\/elsa-k.de\/wp-content\/uploads\/2026\/03\/weiss-vorn-1536x990.png 1536w, https:\/\/elsa-k.de\/wp-content\/uploads\/2026\/03\/weiss-vorn-2048x1320.png 2048w, https:\/\/elsa-k.de\/wp-content\/uploads\/2026\/03\/elementor\/thumbs\/weiss-vorn-scaled-rkssfqw56yg98vx1w6ra4521s9qio0vz69yen2gif6.png 70w\" sizes=\"(max-width: 300px) 100vw, 300px\" \/>\t\t\t\t\t\t\t\t<\/a>\n\t\t\t\t\t\t\t\t\t\t\t\t\t\t\t<\/div>\n\t\t\t\t<div class=\"elementor-element elementor-element-82df2f4 elementor-widget elementor-widget-heading\" data-id=\"82df2f4\" data-element_type=\"widget\" data-e-type=\"widget\" data-widget_type=\"heading.default\">\n\t\t\t\t\t<h2 class=\"elementor-heading-title elementor-size-default\">Kontakt<\/h2>\t\t\t\t<\/div>\n\t\t\t\t<div class=\"elementor-element elementor-element-8b6a766 elementor-widget__width-initial elementor-widget elementor-widget-text-editor\" data-id=\"8b6a766\" data-element_type=\"widget\" data-e-type=\"widget\" data-widget_type=\"text-editor.default\">\n\t\t\t\t\t\t\t\t\t<p>Schreibt uns gern entweder hier \u00fcber das Kontaktformular oder \u00fcber social media.<\/p><p>Ihr quatscht lieber pers\u00f6nlich? Klar, ruft uns an: \u00a0015779850740<\/p><p>Wir freuen uns auf euch!<\/p>\t\t\t\t\t\t\t\t<\/div>\n\t\t\t\t<div class=\"elementor-element elementor-element-6f7fa7b elementor-widget__width-initial elementor-button-align-stretch elementor-widget elementor-widget-form\" data-id=\"6f7fa7b\" data-element_type=\"widget\" data-e-type=\"widget\" data-settings=\"{&quot;step_next_label&quot;:&quot;N\\u00e4chster&quot;,&quot;step_previous_label&quot;:&quot;Voriger&quot;,&quot;button_width&quot;:&quot;100&quot;,&quot;step_type&quot;:&quot;number_text&quot;,&quot;step_icon_shape&quot;:&quot;circle&quot;}\" data-widget_type=\"form.default\">\n\t\t\t\t\t\t\t<form class=\"elementor-form\" method=\"post\" name=\"Neues Formular\" aria-label=\"Neues Formular\">\n\t\t\t<input type=\"hidden\" name=\"post_id\" value=\"554\"\/>\n\t\t\t<input type=\"hidden\" name=\"form_id\" value=\"6f7fa7b\"\/>\n\t\t\t<input type=\"hidden\" name=\"referer_title\" value=\"Kontakt - Elsa K. Acappella\" \/>\n\n\t\t\t\t\t\t\t<input type=\"hidden\" name=\"queried_id\" value=\"554\"\/>\n\t\t\t\n\t\t\t<div class=\"elementor-form-fields-wrapper elementor-labels-above\">\n\t\t\t\t\t\t\t\t<div class=\"elementor-field-type-text elementor-field-group elementor-column elementor-field-group-name elementor-col-100\">\n\t\t\t\t\t\t\t\t\t\t\t\t<label for=\"form-field-name\" class=\"elementor-field-label\">\n\t\t\t\t\t\t\t\tName\t\t\t\t\t\t\t<\/label>\n\t\t\t\t\t\t\t\t\t\t\t\t\t\t<input size=\"1\" type=\"text\" name=\"form_fields[name]\" id=\"form-field-name\" class=\"elementor-field elementor-size-sm  elementor-field-textual\" placeholder=\"Name\">\n\t\t\t\t\t\t\t\t\t\t\t<\/div>\n\t\t\t\t\t\t\t\t<div class=\"elementor-field-type-email elementor-field-group elementor-column elementor-field-group-email elementor-col-100 elementor-field-required\">\n\t\t\t\t\t\t\t\t\t\t\t\t<label for=\"form-field-email\" class=\"elementor-field-label\">\n\t\t\t\t\t\t\t\tE-Mail\t\t\t\t\t\t\t<\/label>\n\t\t\t\t\t\t\t\t\t\t\t\t\t\t<input size=\"1\" type=\"email\" name=\"form_fields[email]\" id=\"form-field-email\" class=\"elementor-field elementor-size-sm  elementor-field-textual\" placeholder=\"E-Mail\" required=\"required\">\n\t\t\t\t\t\t\t\t\t\t\t<\/div>\n\t\t\t\t\t\t\t\t<div class=\"elementor-field-type-textarea elementor-field-group elementor-column elementor-field-group-message elementor-col-100\">\n\t\t\t\t\t\t\t\t\t\t\t\t<label for=\"form-field-message\" class=\"elementor-field-label\">\n\t\t\t\t\t\t\t\tNachricht\t\t\t\t\t\t\t<\/label>\n\t\t\t\t\t\t<textarea class=\"elementor-field-textual elementor-field  elementor-size-sm\" name=\"form_fields[message]\" id=\"form-field-message\" rows=\"4\" placeholder=\"Nachricht\"><\/textarea>\t\t\t\t<\/div>\n\t\t\t\t\t\t\t\t<div class=\"elementor-field-group elementor-column elementor-field-type-submit elementor-col-100 e-form__buttons\">\n\t\t\t\t\t<button class=\"elementor-button elementor-size-sm\" type=\"submit\">\n\t\t\t\t\t\t<span class=\"elementor-button-content-wrapper\">\n\t\t\t\t\t\t\t\t\t\t\t\t\t\t\t\t\t\t\t\t\t\t<span class=\"elementor-button-text\">Senden<\/span>\n\t\t\t\t\t\t\t\t\t\t\t\t\t<\/span>\n\t\t\t\t\t<\/button>\n\t\t\t\t<\/div>\n\t\t\t<\/div>\n\t\t<\/form>\n\t\t\t\t\t\t<\/div>\n\t\t\t\t<\/div>\n\t\t<div class=\"elementor-element elementor-element-f8a7359 e-con-full e-flex e-con e-parent\" data-id=\"f8a7359\" data-element_type=\"container\" data-e-type=\"container\">\n\t\t\t\t<div class=\"elementor-element elementor-element-8f2dcbe elementor-widget__width-initial elementor-widget elementor-widget-image\" data-id=\"8f2dcbe\" data-element_type=\"widget\" data-e-type=\"widget\" data-widget_type=\"image.default\">\n\t\t\t\t\t\t\t\t\t\t\t\t\t\t\t<img decoding=\"async\" width=\"800\" height=\"534\" src=\"https:\/\/elsa-k.de\/wp-content\/uploads\/2022\/03\/photo_2021-11-11_20-28-41-1024x683.jpg\" class=\"attachment-large size-large wp-image-505\" alt=\"\" srcset=\"https:\/\/elsa-k.de\/wp-content\/uploads\/2022\/03\/photo_2021-11-11_20-28-41-1024x683.jpg 1024w, https:\/\/elsa-k.de\/wp-content\/uploads\/2022\/03\/photo_2021-11-11_20-28-41-300x200.jpg 300w, https:\/\/elsa-k.de\/wp-content\/uploads\/2022\/03\/photo_2021-11-11_20-28-41-768x512.jpg 768w, https:\/\/elsa-k.de\/wp-content\/uploads\/2022\/03\/photo_2021-11-11_20-28-41-10x7.jpg 10w, https:\/\/elsa-k.de\/wp-content\/uploads\/2022\/03\/photo_2021-11-11_20-28-41-432x288.jpg 432w, https:\/\/elsa-k.de\/wp-content\/uploads\/2022\/03\/photo_2021-11-11_20-28-41-396x264.jpg 396w, https:\/\/elsa-k.de\/wp-content\/uploads\/2022\/03\/photo_2021-11-11_20-28-41-1120x747.jpg 1120w, https:\/\/elsa-k.de\/wp-content\/uploads\/2022\/03\/photo_2021-11-11_20-28-41-660x440.jpg 660w, https:\/\/elsa-k.de\/wp-content\/uploads\/2022\/03\/photo_2021-11-11_20-28-41-330x220.jpg 330w, https:\/\/elsa-k.de\/wp-content\/uploads\/2022\/03\/photo_2021-11-11_20-28-41.jpg 1280w\" sizes=\"(max-width: 800px) 100vw, 800px\" \/>\t\t\t\t\t\t\t\t\t\t\t\t\t\t\t<\/div>\n\t\t\t\t<\/div>\n\t\t\t\t<\/div>\n\t\t","protected":false},"excerpt":{"rendered":"<p>Kontakt Schreibt uns gern entweder hier \u00fcber das Kontaktformular oder \u00fcber social media. Ihr quatscht lieber pers\u00f6nlich? Klar, ruft uns an: \u00a0015779850740 Wir freuen uns auf euch!<\/p>\n","protected":false},"author":1,"featured_media":0,"parent":0,"menu_order":0,"comment_status":"closed","ping_status":"closed","template":"elementor_theme","meta":{"footnotes":""},"class_list":["post-554","page","type-page","status-publish","hentry"],"jetpack_sharing_enabled":true,"_links":{"self":[{"href":"https:\/\/elsa-k.de\/index.php?rest_route=\/wp\/v2\/pages\/554","targetHints":{"allow":["GET"]}}],"collection":[{"href":"https:\/\/elsa-k.de\/index.php?rest_route=\/wp\/v2\/pages"}],"about":[{"href":"https:\/\/elsa-k.de\/index.php?rest_route=\/wp\/v2\/types\/page"}],"author":[{"embeddable":true,"href":"https:\/\/elsa-k.de\/index.php?rest_route=\/wp\/v2\/users\/1"}],"replies":[{"embeddable":true,"href":"https:\/\/elsa-k.de\/index.php?rest_route=%2Fwp%2Fv2%2Fcomments&post=554"}],"version-history":[{"count":136,"href":"https:\/\/elsa-k.de\/index.php?rest_route=\/wp\/v2\/pages\/554\/revisions"}],"predecessor-version":[{"id":2825,"href":"https:\/\/elsa-k.de\/index.php?rest_route=\/wp\/v2\/pages\/554\/revisions\/2825"}],"wp:attachment":[{"href":"https:\/\/elsa-k.de\/index.php?rest_route=%2Fwp%2Fv2%2Fmedia&parent=554"}],"curies":[{"name":"wp","href":"https:\/\/api.w.org\/{rel}","templated":true}]}}